{"id":133,"date":"2025-04-13T14:05:41","date_gmt":"2025-04-13T14:05:41","guid":{"rendered":"https:\/\/www.sukuseurahakola.fi\/?page_id=133"},"modified":"2025-04-13T14:24:55","modified_gmt":"2025-04-13T14:24:55","slug":"liity-jaseneksi","status":"publish","type":"page","link":"https:\/\/www.sukuseurahakola.fi\/index.php\/liity-jaseneksi\/","title":{"rendered":"Liity j\u00e4seneksi"},"content":{"rendered":"\n<div class=\"wp-block-cover alignfull is-light has-contrast-color has-text-color has-link-color wp-elements-08c0f7bb867665db747e0d3de0231161\" style=\"margin-top:0;margin-bottom:0;padding-top:var(--wp--preset--spacing--60);padding-right:var(--wp--preset--spacing--50);padding-bottom:var(--wp--preset--spacing--60);padding-left:var(--wp--preset--spacing--50)\"><span aria-hidden=\"true\" class=\"wp-block-cover__background has-base-background-color has-background-dim-100 has-background-dim\"><\/span><div class=\"wp-block-cover__inner-container has-global-padding is-layout-constrained wp-container-core-cover-is-layout-873ee6b1 wp-block-cover-is-layout-constrained\">\n<div class=\"wp-block-columns alignwide is-layout-flex wp-container-core-columns-is-layout-7ee84d44 wp-block-columns-is-layout-flex\">\n<div class=\"wp-block-column is-layout-flow wp-block-column-is-layout-flow\" style=\"flex-basis:65%\">\n<div class=\"wp-block-group is-vertical is-content-justification-stretch is-layout-flex wp-container-core-group-is-layout-353c4f5a wp-block-group-is-layout-flex\">\n<h2 class=\"wp-block-heading has-text-align-left\" style=\"font-size:clamp(5.802rem, 5.802rem + ((1vw - 0.2rem) * 12.86), 14rem);font-style:normal;font-weight:300;letter-spacing:-0.03em;line-height:1.4\">2025<\/h2>\n\n\n\n<p class=\"is-style-text-subtitle is-style-text-subtitle--1\"><strong>Juuret-lehti<\/strong><\/p>\n\n\n\n<p>Julkaisemme v\u00e4hint\u00e4\u00e4n kerran vuodessa Juuret-lehte\u00e4, joka postitetaan j\u00e4senille vuosikokouskutsun yhteydess\u00e4. <\/p>\n\n\n\n<p><\/p>\n\n\n\n<p class=\"is-style-text-subtitle is-style-text-subtitle--2\"><strong>Sukuseura Hakola ry:n j\u00e4seneksi voit liitty\u00e4 kirjoittamalla alla olevat tiedot s\u00e4hk\u00f6postiimme <a href=\"mailto:info@sukuseurahakola.fi\">info@sukuseurahakola.fi<\/a>:<\/strong><\/p>\n\n\n\n<ul class=\"wp-block-list\">\n<li>nimesi<\/li>\n\n\n\n<li>osoitteesi<\/li>\n\n\n\n<li>puhelinnumerosi<\/li>\n\n\n\n<li>s\u00e4hk\u00f6postiosoitteesi<\/li>\n<\/ul>\n\n\n\n<p class=\"is-style-text-subtitle is-style-text-subtitle--3\">J\u00e4senmaksu<strong>&nbsp;20&nbsp;<\/strong><strong>\u20ac \/vuosi<\/strong><\/p>\n\n\n\n<p><\/p>\n\n\n\n<p class=\"is-style-text-subtitle is-style-text-subtitle--4\"><strong>Sukuseura Hakola ry pankkitili:<\/strong><\/p>\n\n\n\n<p class=\"is-style-text-subtitle is-style-text-subtitle--5\"><strong>Urjalan Osuuspankki&nbsp;IBAN muodossa:&nbsp;<\/strong><\/p>\n\n\n\n<p class=\"is-style-text-subtitle is-style-text-subtitle--6\"><strong>FI49 5488 4320 015060<\/strong><\/p>\n<\/div>\n<\/div>\n\n\n\n<div class=\"wp-block-column is-layout-flow wp-block-column-is-layout-flow\" style=\"flex-basis:35%\">\n<div class=\"wp-block-group is-vertical is-content-justification-stretch is-nowrap is-layout-flex wp-container-core-group-is-layout-73b0033c wp-block-group-is-layout-flex\">\n<figure class=\"wp-block-image size-full\"><img loading=\"lazy\" decoding=\"async\" width=\"447\" height=\"641\" src=\"http:\/\/www.sukuseurahakola.fi\/wp-content\/uploads\/2025\/04\/Juuret.jpg\" alt=\"\" class=\"wp-image-142\" style=\"aspect-ratio:3\/4;object-fit:cover\" srcset=\"https:\/\/www.sukuseurahakola.fi\/wp-content\/uploads\/2025\/04\/Juuret.jpg 447w, https:\/\/www.sukuseurahakola.fi\/wp-content\/uploads\/2025\/04\/Juuret-209x300.jpg 209w\" sizes=\"auto, (max-width: 447px) 100vw, 447px\" \/><\/figure>\n\n\n\n<p class=\"has-text-align-right has-x-large-font-size\" style=\"line-height:1.2\"><a href=\"https:\/\/www.facebook.com\/groups\/24429683426\/?fref=ts\" target=\"_blank\" rel=\"noreferrer noopener\">Facebook<\/a><br><a href=\"#\" target=\"_blank\" rel=\"noreferrer noopener\">Liity j\u00e4seneksi<\/a><br><a href=\"https:\/\/www.sukuseurahakola.fi\/index.php\/tuotteet\/\" data-type=\"page\" data-id=\"32\" target=\"_blank\" rel=\"noreferrer noopener\">Tuotteet<\/a><\/p>\n<\/div>\n<\/div>\n<\/div>\n<\/div><\/div>\n\n\n\n<p><\/p>\n","protected":false},"excerpt":{"rendered":"","protected":false},"author":1,"featured_media":0,"parent":0,"menu_order":0,"comment_status":"open","ping_status":"closed","template":"","meta":{"footnotes":""},"class_list":["post-133","page","type-page","status-publish","hentry"],"_links":{"self":[{"href":"https:\/\/www.sukuseurahakola.fi\/index.php\/wp-json\/wp\/v2\/pages\/133","targetHints":{"allow":["GET"]}}],"collection":[{"href":"https:\/\/www.sukuseurahakola.fi\/index.php\/wp-json\/wp\/v2\/pages"}],"about":[{"href":"https:\/\/www.sukuseurahakola.fi\/index.php\/wp-json\/wp\/v2\/types\/page"}],"author":[{"embeddable":true,"href":"https:\/\/www.sukuseurahakola.fi\/index.php\/wp-json\/wp\/v2\/users\/1"}],"replies":[{"embeddable":true,"href":"https:\/\/www.sukuseurahakola.fi\/index.php\/wp-json\/wp\/v2\/comments?post=133"}],"version-history":[{"count":10,"href":"https:\/\/www.sukuseurahakola.fi\/index.php\/wp-json\/wp\/v2\/pages\/133\/revisions"}],"predecessor-version":[{"id":177,"href":"https:\/\/www.sukuseurahakola.fi\/index.php\/wp-json\/wp\/v2\/pages\/133\/revisions\/177"}],"wp:attachment":[{"href":"https:\/\/www.sukuseurahakola.fi\/index.php\/wp-json\/wp\/v2\/media?parent=133"}],"curies":[{"name":"wp","href":"https:\/\/api.w.org\/{rel}","templated":true}]}}